{"id":86,"date":"2017-07-19T20:55:06","date_gmt":"2017-07-19T20:55:06","guid":{"rendered":"http:\/\/www.cdqcastelverde.it\/?page_id=86"},"modified":"2025-02-01T03:49:00","modified_gmt":"2025-02-01T01:49:00","slug":"link-e-numeri-utili","status":"publish","type":"page","link":"https:\/\/cdqcastelverde.it\/?page_id=86","title":{"rendered":"LINK E NUMERI UTILI"},"content":{"rendered":"\n<h2 class=\"wp-block-heading\">EMERGENZE<\/h2>\n\n\n\n<p>Il&nbsp;<strong><a href=\"tel: 112\"><strong>112<\/strong><\/a>&nbsp;<\/strong>\u00e8 il numero da chiamare per ogni tipo di emergenza, attivo 24 ore su 24 per richiedere ambulanze o intervento delle Forze dell&#8217;ordine.<\/p>\n\n\n\n<p>Inoltre, di seguito i siti web di tutte le forze dell&#8217;ordine attive su Roma:<\/p>\n\n\n\n<ul class=\"wp-block-list\">\n<li><a href=\"https:\/\/www.comune.roma.it\/web\/it\/corpo-di-polizia-locale-di-roma-capitale.page\">Corpo di Polizia Locale di Roma Capitale<\/a><\/li>\n\n\n\n<li><a href=\"http:\/\/www.carabinieri.it\/\">Carabinieri<\/a><\/li>\n\n\n\n<li><a href=\"https:\/\/www.comune.roma.it\/web\/it\/ufficio-extradipartimentale-politiche-della-sicurezza-e-protezione-civile.page\">Protezione civile &#8211; Roma Capitale<\/a>\u00a0&#8211; Numero verde:\u00a0<a href=\"tel: 800854854\">800.854.854<\/a>\u00a0<\/li>\n\n\n\n<li><a href=\"https:\/\/www.comune.roma.it\/web\/it\/scheda-servizi.page?contentId=INF38628\">Sala Operativa Sociale (S.O.S.)<\/a>\u00a0&#8211; Numero Verde:\u00a0<a href=\"tel: 800440022\">800.440.022<\/a><\/li>\n<\/ul>\n\n\n\n<p><strong>Dipartimento della Protezione Civile Nazionale<\/strong><\/p>\n\n\n\n<p><a href=\"https:\/\/www.protezionecivile.gov.it\/it\/\">Dipartimento della Protezione Civile Nazionale&nbsp;<\/a>&nbsp;&#8211; Numero verde:&nbsp;<a href=\"tel: 800840840\">800.840.840<\/a>&nbsp;risponde dal luned\u00ec al sabato, in orario 8-20, alle richieste di informazioni&nbsp;dei cittadini.&nbsp;Pu\u00f2 essere esteso&nbsp;h24 in caso di emergenze nazionali.<\/p>\n\n\n\n<p><strong>Servizi Sanitari<\/strong><\/p>\n\n\n\n<p>Per verificare&nbsp;le code e la situazione di tutti i pronto soccorso&nbsp;apri la pagina&nbsp;<a href=\"https:\/\/www.salutelazio.it\/pronto-soccorso\">Pronto Soccorso del Lazio in tempo reale&nbsp;<\/a>&nbsp;oppure scarica l&#8217;App per smartphone e tablet \u201cPronto soccorso Lazio-code ospedali&#8221;.<\/p>\n\n\n\n<p>In caso di necessit\u00e0 di informazioni sanitarie non legate a condizioni di emergenza \u00e8 possibile consultare i seguenti link:<\/p>\n\n\n\n<p><br><a href=\"https:\/\/www.ordinefarmacistiroma.it\/cittadino\/farmacie.html\">Elenco delle farmacie di Roma e Provincia&nbsp;<\/a>&nbsp;(Ordine dei Farmacisti)<\/p>\n\n\n\n<p><a href=\"https:\/\/www.federfarma.it\/Farmaci-e-farmacie\/Cerca-una-farmacia.aspx\">Cerca una Farmacia&nbsp;<\/a>&nbsp;(FederFarma)<\/p>\n\n\n\n<p>Accedi alla&nbsp;<a href=\"https:\/\/www.federfarmaroma.com\/index.php\">mappa delle Farmacie&nbsp;<\/a>&nbsp;(FederFarma Roma)<\/p>\n\n\n\n<h2 class=\"wp-block-heading\">Come contattare i Centri Antiviolenza<\/h2>\n\n\n\n<p>Il 1522 \u00e8 il numero nazionale, gratuito, attivo h 24, dedicato alle vittime di violenza di genere e stalking.<\/p>\n\n\n\n<p>I Centri Antiviolenza di Roma Capitale sono collegati al 1522 e rispondono h24 alle richieste di aiuto. Offrono informazioni e supporto alle donne in relazione a tutti i tipi di violenza di genere.&nbsp; E\u2019 possibile contattare i CAV di Roma Capitale anche tramite mail.<\/p>\n\n\n\n<p>Ci si pu\u00f2 rivolgere ad essi al di l\u00e0 del proprio indirizzo di residenza.<\/p>\n\n\n\n<p>Municipio I- CAV \u201cAlessia e Martina Capasso\u201d&nbsp;06.69617913\/ 06.69617873\/ 3316493913&nbsp;(il numero di cellulare \u00e8 raggiungibile H24, mentre il servizio Whattsapp \u00e8 attivo nei&nbsp;seguenti orari: luned\u00ec, marted\u00ec, mercoled\u00ec e venerd\u00ec dalle 9.00 alle 16.00, il gioved\u00ec dalle 9.00 alle 17.00)<\/p>\n\n\n\n<p>&nbsp; &nbsp; &nbsp; &nbsp; &nbsp; &nbsp; &nbsp; &nbsp; &nbsp; &nbsp;&nbsp;<a href=\"mailto:cavtrionfale@differenzadonna.it%C2%A0\">cavtrionfale@differenzadonna.it&nbsp;<\/a><\/p>\n\n\n\n<p>CAV \u201cIrma Bandiera\u201d<\/p>\n\n\n\n<p>Indirizzo:&nbsp; &nbsp;&nbsp;&nbsp;&nbsp;Via Cornelio Sisenna, 53 (Municipio VII, ex Municipio VI)<\/p>\n\n\n\n<p>Telefono:&nbsp;&nbsp;&nbsp;&nbsp;&nbsp; 06.93567964&nbsp;&nbsp;&nbsp;&nbsp;<\/p>\n\n\n\n<p>Cellulare:&nbsp; &nbsp; &nbsp;&nbsp;366 938 4736 (attivo H24 anche per WhatsApp)<\/p>\n\n\n\n<p>Mail: &nbsp; &nbsp; &nbsp; &nbsp; &nbsp; &nbsp;&nbsp;<a href=\"mailto:cavsisenna@gmail.com\">cavsisenna@gmail.com<\/a><\/p>\n\n\n\n<p>Partner:&nbsp;&nbsp;&nbsp;&nbsp;&nbsp;&nbsp;&nbsp; Associazione \u201cDifferenza Donna\u201d<\/p>\n\n\n\n<p>Orari<\/p>\n\n\n\n<p>Luned\u00ec&nbsp; &nbsp; &nbsp; &nbsp; &nbsp; &nbsp; &nbsp; &nbsp; 9.00 &#8211; 16.00<\/p>\n\n\n\n<p>Marted\u00ec&nbsp; &nbsp; &nbsp; &nbsp; &nbsp; &nbsp; &nbsp; 9.00 &#8211; 16.00<\/p>\n\n\n\n<p>Mercoled\u00ec &nbsp;&nbsp;&nbsp;&nbsp;&nbsp;&nbsp;&nbsp;&nbsp;&nbsp; 9.00 &#8211; 16.00<\/p>\n\n\n\n<p>Gioved\u00ec&nbsp; &nbsp; &nbsp; &nbsp; &nbsp; &nbsp; &nbsp; &nbsp;9.00 &#8211; 17.00<\/p>\n\n\n\n<p>Venerd\u00ec&nbsp; &nbsp; &nbsp; &nbsp; &nbsp; &nbsp; &nbsp; &nbsp;9.00 &#8211; 16.00<\/p>\n","protected":false},"excerpt":{"rendered":"<p>EMERGENZE Il&nbsp;112&nbsp;\u00e8 il numero da chiamare per ogni tipo di emergenza, attivo 24 ore su 24 per richiedere ambulanze o intervento delle Forze dell&#8217;ordine. Inoltre, di seguito i siti web di tutte le forze dell&#8217;ordine attive su Roma: Dipartimento della Protezione Civile Nazionale Dipartimento della Protezione Civile Nazionale&nbsp;&nbsp;&#8211; Numero verde:&nbsp;800.840.840&nbsp;risponde dal luned\u00ec al sabato, in [&hellip;]<\/p>\n","protected":false},"author":6,"featured_media":0,"parent":0,"menu_order":0,"comment_status":"closed","ping_status":"closed","template":"","meta":{"footnotes":""},"class_list":["post-86","page","type-page","status-publish","hentry","entry"],"yoast_head":"<!-- This site is optimized with the Yoast SEO plugin v27.6 - https:\/\/yoast.com\/product\/yoast-seo-wordpress\/ -->\n<title>LINK E NUMERI UTILI - Comitato di Quartiere di Castelverde Roma<\/title>\n<meta name=\"robots\" content=\"index, follow, max-snippet:-1, max-image-preview:large, max-video-preview:-1\" \/>\n<link rel=\"canonical\" href=\"https:\/\/cdqcastelverde.it\/?page_id=86\" \/>\n<meta property=\"og:locale\" content=\"it_IT\" \/>\n<meta property=\"og:type\" content=\"article\" \/>\n<meta property=\"og:title\" content=\"LINK E NUMERI UTILI - Comitato di Quartiere di Castelverde Roma\" \/>\n<meta property=\"og:description\" content=\"EMERGENZE Il&nbsp;112&nbsp;\u00e8 il numero da chiamare per ogni tipo di emergenza, attivo 24 ore su 24 per richiedere ambulanze o intervento delle Forze dell&#8217;ordine. Inoltre, di seguito i siti web di tutte le forze dell&#8217;ordine attive su Roma: Dipartimento della Protezione Civile Nazionale Dipartimento della Protezione Civile Nazionale&nbsp;&nbsp;&#8211; Numero verde:&nbsp;800.840.840&nbsp;risponde dal luned\u00ec al sabato, in [&hellip;]\" \/>\n<meta property=\"og:url\" content=\"https:\/\/cdqcastelverde.it\/?page_id=86\" \/>\n<meta property=\"og:site_name\" content=\"Comitato di Quartiere di Castelverde Roma\" \/>\n<meta property=\"article:publisher\" content=\"https:\/\/www.facebook.com\/cdqcastelverderoma\/\" \/>\n<meta property=\"article:modified_time\" content=\"2025-02-01T01:49:00+00:00\" \/>\n<meta name=\"twitter:card\" content=\"summary_large_image\" \/>\n<meta name=\"twitter:label1\" content=\"Tempo di lettura stimato\" \/>\n\t<meta name=\"twitter:data1\" content=\"2 minuti\" \/>\n<script type=\"application\/ld+json\" class=\"yoast-schema-graph\">{\"@context\":\"https:\\\/\\\/schema.org\",\"@graph\":[{\"@type\":\"WebPage\",\"@id\":\"https:\\\/\\\/cdqcastelverde.it\\\/?page_id=86\",\"url\":\"https:\\\/\\\/cdqcastelverde.it\\\/?page_id=86\",\"name\":\"LINK E NUMERI UTILI - Comitato di Quartiere di Castelverde Roma\",\"isPartOf\":{\"@id\":\"https:\\\/\\\/cdqcastelverde.it\\\/#website\"},\"datePublished\":\"2017-07-19T20:55:06+00:00\",\"dateModified\":\"2025-02-01T01:49:00+00:00\",\"breadcrumb\":{\"@id\":\"https:\\\/\\\/cdqcastelverde.it\\\/?page_id=86#breadcrumb\"},\"inLanguage\":\"it-IT\",\"potentialAction\":[{\"@type\":\"ReadAction\",\"target\":[\"https:\\\/\\\/cdqcastelverde.it\\\/?page_id=86\"]}]},{\"@type\":\"BreadcrumbList\",\"@id\":\"https:\\\/\\\/cdqcastelverde.it\\\/?page_id=86#breadcrumb\",\"itemListElement\":[{\"@type\":\"ListItem\",\"position\":1,\"name\":\"Home\",\"item\":\"https:\\\/\\\/cdqcastelverde.it\\\/\"},{\"@type\":\"ListItem\",\"position\":2,\"name\":\"LINK E NUMERI UTILI\"}]},{\"@type\":\"WebSite\",\"@id\":\"https:\\\/\\\/cdqcastelverde.it\\\/#website\",\"url\":\"https:\\\/\\\/cdqcastelverde.it\\\/\",\"name\":\"Comitato di quartiere (CdQ) Castelverde di Roma\",\"description\":\"\",\"publisher\":{\"@id\":\"https:\\\/\\\/cdqcastelverde.it\\\/#organization\"},\"potentialAction\":[{\"@type\":\"SearchAction\",\"target\":{\"@type\":\"EntryPoint\",\"urlTemplate\":\"https:\\\/\\\/cdqcastelverde.it\\\/?s={search_term_string}\"},\"query-input\":{\"@type\":\"PropertyValueSpecification\",\"valueRequired\":true,\"valueName\":\"search_term_string\"}}],\"inLanguage\":\"it-IT\"},{\"@type\":\"Organization\",\"@id\":\"https:\\\/\\\/cdqcastelverde.it\\\/#organization\",\"name\":\"cdq castelverde roma\",\"url\":\"https:\\\/\\\/cdqcastelverde.it\\\/\",\"logo\":{\"@type\":\"ImageObject\",\"inLanguage\":\"it-IT\",\"@id\":\"https:\\\/\\\/cdqcastelverde.it\\\/#\\\/schema\\\/logo\\\/image\\\/\",\"url\":\"https:\\\/\\\/www.cdqcastelverde.it\\\/wp-content\\\/uploads\\\/2017\\\/07\\\/logo-CDQ-e1504097935418.jpg\",\"contentUrl\":\"https:\\\/\\\/www.cdqcastelverde.it\\\/wp-content\\\/uploads\\\/2017\\\/07\\\/logo-CDQ-e1504097935418.jpg\",\"width\":600,\"height\":95,\"caption\":\"cdq castelverde roma\"},\"image\":{\"@id\":\"https:\\\/\\\/cdqcastelverde.it\\\/#\\\/schema\\\/logo\\\/image\\\/\"},\"sameAs\":[\"https:\\\/\\\/www.facebook.com\\\/cdqcastelverderoma\\\/\"]}]}<\/script>\n<!-- \/ Yoast SEO plugin. -->","yoast_head_json":{"title":"LINK E NUMERI UTILI - Comitato di Quartiere di Castelverde Roma","robots":{"index":"index","follow":"follow","max-snippet":"max-snippet:-1","max-image-preview":"max-image-preview:large","max-video-preview":"max-video-preview:-1"},"canonical":"https:\/\/cdqcastelverde.it\/?page_id=86","og_locale":"it_IT","og_type":"article","og_title":"LINK E NUMERI UTILI - Comitato di Quartiere di Castelverde Roma","og_description":"EMERGENZE Il&nbsp;112&nbsp;\u00e8 il numero da chiamare per ogni tipo di emergenza, attivo 24 ore su 24 per richiedere ambulanze o intervento delle Forze dell&#8217;ordine. Inoltre, di seguito i siti web di tutte le forze dell&#8217;ordine attive su Roma: Dipartimento della Protezione Civile Nazionale Dipartimento della Protezione Civile Nazionale&nbsp;&nbsp;&#8211; Numero verde:&nbsp;800.840.840&nbsp;risponde dal luned\u00ec al sabato, in [&hellip;]","og_url":"https:\/\/cdqcastelverde.it\/?page_id=86","og_site_name":"Comitato di Quartiere di Castelverde Roma","article_publisher":"https:\/\/www.facebook.com\/cdqcastelverderoma\/","article_modified_time":"2025-02-01T01:49:00+00:00","twitter_card":"summary_large_image","twitter_misc":{"Tempo di lettura stimato":"2 minuti"},"schema":{"@context":"https:\/\/schema.org","@graph":[{"@type":"WebPage","@id":"https:\/\/cdqcastelverde.it\/?page_id=86","url":"https:\/\/cdqcastelverde.it\/?page_id=86","name":"LINK E NUMERI UTILI - Comitato di Quartiere di Castelverde Roma","isPartOf":{"@id":"https:\/\/cdqcastelverde.it\/#website"},"datePublished":"2017-07-19T20:55:06+00:00","dateModified":"2025-02-01T01:49:00+00:00","breadcrumb":{"@id":"https:\/\/cdqcastelverde.it\/?page_id=86#breadcrumb"},"inLanguage":"it-IT","potentialAction":[{"@type":"ReadAction","target":["https:\/\/cdqcastelverde.it\/?page_id=86"]}]},{"@type":"BreadcrumbList","@id":"https:\/\/cdqcastelverde.it\/?page_id=86#breadcrumb","itemListElement":[{"@type":"ListItem","position":1,"name":"Home","item":"https:\/\/cdqcastelverde.it\/"},{"@type":"ListItem","position":2,"name":"LINK E NUMERI UTILI"}]},{"@type":"WebSite","@id":"https:\/\/cdqcastelverde.it\/#website","url":"https:\/\/cdqcastelverde.it\/","name":"Comitato di quartiere (CdQ) Castelverde di Roma","description":"","publisher":{"@id":"https:\/\/cdqcastelverde.it\/#organization"},"potentialAction":[{"@type":"SearchAction","target":{"@type":"EntryPoint","urlTemplate":"https:\/\/cdqcastelverde.it\/?s={search_term_string}"},"query-input":{"@type":"PropertyValueSpecification","valueRequired":true,"valueName":"search_term_string"}}],"inLanguage":"it-IT"},{"@type":"Organization","@id":"https:\/\/cdqcastelverde.it\/#organization","name":"cdq castelverde roma","url":"https:\/\/cdqcastelverde.it\/","logo":{"@type":"ImageObject","inLanguage":"it-IT","@id":"https:\/\/cdqcastelverde.it\/#\/schema\/logo\/image\/","url":"https:\/\/www.cdqcastelverde.it\/wp-content\/uploads\/2017\/07\/logo-CDQ-e1504097935418.jpg","contentUrl":"https:\/\/www.cdqcastelverde.it\/wp-content\/uploads\/2017\/07\/logo-CDQ-e1504097935418.jpg","width":600,"height":95,"caption":"cdq castelverde roma"},"image":{"@id":"https:\/\/cdqcastelverde.it\/#\/schema\/logo\/image\/"},"sameAs":["https:\/\/www.facebook.com\/cdqcastelverderoma\/"]}]}},"_links":{"self":[{"href":"https:\/\/cdqcastelverde.it\/index.php?rest_route=\/wp\/v2\/pages\/86","targetHints":{"allow":["GET"]}}],"collection":[{"href":"https:\/\/cdqcastelverde.it\/index.php?rest_route=\/wp\/v2\/pages"}],"about":[{"href":"https:\/\/cdqcastelverde.it\/index.php?rest_route=\/wp\/v2\/types\/page"}],"author":[{"embeddable":true,"href":"https:\/\/cdqcastelverde.it\/index.php?rest_route=\/wp\/v2\/users\/6"}],"replies":[{"embeddable":true,"href":"https:\/\/cdqcastelverde.it\/index.php?rest_route=%2Fwp%2Fv2%2Fcomments&post=86"}],"version-history":[{"count":5,"href":"https:\/\/cdqcastelverde.it\/index.php?rest_route=\/wp\/v2\/pages\/86\/revisions"}],"predecessor-version":[{"id":5784,"href":"https:\/\/cdqcastelverde.it\/index.php?rest_route=\/wp\/v2\/pages\/86\/revisions\/5784"}],"wp:attachment":[{"href":"https:\/\/cdqcastelverde.it\/index.php?rest_route=%2Fwp%2Fv2%2Fmedia&parent=86"}],"curies":[{"name":"wp","href":"https:\/\/api.w.org\/{rel}","templated":true}]}}